{"id":8692,"date":"2023-08-03T14:55:53","date_gmt":"2023-08-03T12:55:53","guid":{"rendered":"http:\/\/termerarchitectes.fr\/?page_id=8692"},"modified":"2023-11-28T12:55:33","modified_gmt":"2023-11-28T11:55:33","slug":"prestations","status":"publish","type":"page","link":"https:\/\/termerarchitectes.fr\/index.php\/prestations\/","title":{"rendered":"Prestations"},"content":{"rendered":"\t\t<div data-elementor-type=\"wp-page\" data-elementor-id=\"8692\" class=\"elementor elementor-8692\">\n\t\t\t\t\t\t\t\t\t<section data-pa-eq-height=\"{&quot;targetType&quot;:&quot;widget&quot;,&quot;target&quot;:[&quot;.elementor-widget-text-editor .elementor-widget-container&quot;],&quot;enableOn&quot;:[&quot;desktop&quot;,&quot;tablet&quot;,&quot;mobile&quot;]}\" class=\"elementor-section elementor-top-section elementor-element elementor-element-8e9507a elementor-section-full_width elementor-section-stretched premium-equal-height-yes elementor-section-height-default elementor-section-height-default qodef-elementor-content-no\" data-id=\"8e9507a\" data-element_type=\"section\" data-settings=\"{&quot;stretch_section&quot;:&quot;section-stretched&quot;,&quot;premium_eq_height_switcher&quot;:&quot;yes&quot;,&quot;premium_eq_height_target&quot;:[&quot;.elementor-widget-text-editor .elementor-widget-container&quot;]}\">\n\t\t\t\t\t\t<div class=\"elementor-container elementor-column-gap-wider\">\n\t\t\t\t\t<div class=\"elementor-column elementor-col-33 elementor-top-column elementor-element elementor-element-6867e19\" data-id=\"6867e19\" data-element_type=\"column\">\n\t\t\t<div class=\"elementor-widget-wrap elementor-element-populated\">\n\t\t\t\t\t\t\t\t<div class=\"elementor-element elementor-element-a1cff4a elementor-widget elementor-widget-text-editor\" data-id=\"a1cff4a\" data-element_type=\"widget\" data-widget_type=\"text-editor.default\">\n\t\t\t\t<div class=\"elementor-widget-container\">\n\t\t\t<style>\/*! elementor - v3.12.1 - 02-04-2023 *\/\n.elementor-widget-text-editor.elementor-drop-cap-view-stacked .elementor-drop-cap{background-color:#69727d;color:#fff}.elementor-widget-text-editor.elementor-drop-cap-view-framed .elementor-drop-cap{color:#69727d;border:3px solid;background-color:transparent}.elementor-widget-text-editor:not(.elementor-drop-cap-view-default) .elementor-drop-cap{margin-top:8px}.elementor-widget-text-editor:not(.elementor-drop-cap-view-default) .elementor-drop-cap-letter{width:1em;height:1em}.elementor-widget-text-editor .elementor-drop-cap{float:left;text-align:center;line-height:1;font-size:50px}.elementor-widget-text-editor .elementor-drop-cap-letter{display:inline-block}<\/style>\t\t\t\t<p>PRESTATION DE CONSEIL ET D&rsquo;ANALYSE<\/p>\n<p><\/p>\n<p><br><\/p>\n<p><br><\/p>\n<p><span style=\"letter-spacing: 0.01em; text-decoration: underline;\">Visite Conseil :<\/span><\/p>\n<p>Visite sur site du b\u00e2ti ou du terrain afin de confirmer une future acquisition, une faisabilit\u00e9 de travaux de construction, de r\u00e9novation ou une extension.<br>Remise d\u2019un compte rendu apr\u00e8s le rendez-vous.<\/p><p><br><\/p>\n<p>Dur\u00e9e de la visite : 1 heure.<\/p>\n<p>Tarif &#8211; 150 \u20ac HT<\/p>\n<p><\/p>\n<p><br><\/p>\n<p><br><\/p>\n<p><span style=\"text-decoration: underline;\">Etude de Faisabilit\u00e9 :<\/span><\/p>\n<p>Etude de faisabilit\u00e9 du projet et estimation indicative du co\u00fbt de travaux.<\/p>\n<p>L\u2019\u00e9tude comprend la visite sur site, la v\u00e9rification de la compatibilit\u00e9 du projet avec les r\u00e8gles d\u2019urbanisme en vigueur (analyse PLU, calcul des coefficients, contact avec le service d\u2019urbanisme et d\u2019agglom\u00e9ration si n\u00e9cessaire) ainsi qu\u2019avec les contraintes techniques du terrain ou du b\u00e2ti existant.&nbsp;<\/p>\n<p><\/p>\n<p>R\u00e9alisation d\u2019une esquisse sommaire du projet ainsi que d\u2019une premi\u00e8re estimation indicative du co\u00fbt des travaux envisag\u00e9s.<\/p><p><br><\/p>\n<p><\/p>\n<p>Tarif &#8211; 1100 \u20ac HT<\/p><p><br><\/p><p><br><\/p><p><br><\/p>\n<p><\/p>\n<p><em><span style=\"font-size: 10px;\">Le montant peut-\u00eatre d\u00e9duit des honoraires en cas de mission compl\u00e8te.<\/span><\/em><\/p>\t\t\t\t\t\t<\/div>\n\t\t\t\t<\/div>\n\t\t\t\t\t<\/div>\n\t\t<\/div>\n\t\t\t\t<div class=\"elementor-column elementor-col-33 elementor-top-column elementor-element elementor-element-7b973ef\" data-id=\"7b973ef\" data-element_type=\"column\">\n\t\t\t<div class=\"elementor-widget-wrap elementor-element-populated\">\n\t\t\t\t\t\t\t\t<div class=\"elementor-element elementor-element-f23e6db elementor-widget elementor-widget-text-editor\" data-id=\"f23e6db\" data-element_type=\"widget\" data-widget_type=\"text-editor.default\">\n\t\t\t\t<div class=\"elementor-widget-container\">\n\t\t\t\t\t\t\t<p>PRESTATION ARCHITECTE<\/p>\n<p><\/p>\n<p><span style=\"text-decoration: underline;\"><br><\/span><\/p><p><span style=\"text-decoration: underline;\">Contrat Mission Compl\u00e8te ou Partielle&nbsp;<\/span><\/p>\n<p><\/p>\n<p>Pour un projet d\u2019architecte sur-mesure.<\/p>\n<p><\/p>\n<p>Il se r\u00e9partit en diff\u00e9rentes phases dont trois principales :<\/p><p><br><\/p>\n<p><\/p>\n<p><span style=\"text-decoration: underline;\">1\u00e8re phase<\/span>&nbsp;<\/p>\n<p><span style=\"text-decoration: underline;\"><em>Conception du projet architectural<\/em><\/span><\/p>\n<p><i><u><br><\/u><\/i>Esquisse&nbsp;<\/p>\n<p>Avant-Projet&nbsp;<\/p>\n<p>Dossier Permis de construire<\/p>\n<p>Conception finale et d\u00e9taill\u00e9e<\/p>\n<p><\/p>\n<p><span style=\"text-decoration: underline;\"><br><\/span><\/p><p><span style=\"text-decoration: underline;\">2\u00e8me phase<\/span>&nbsp;<\/p>\n<p><span style=\"text-decoration: underline;\"><em>Dossier de Consultation des Entreprises<\/em><\/span><\/p>\n<p><i><u><br><\/u><\/i>Consultations des entreprises&nbsp;<\/p>\n<p>&nbsp;Analyse des offres<\/p>\n<p>&nbsp;Mise au point<\/p>\n<p><\/p>\n<p><span style=\"text-decoration: underline;\"><br><\/span><\/p><p><span style=\"text-decoration: underline;\">3\u00e8me phase<\/span>&nbsp;<\/p>\n<p><span style=\"text-decoration: underline;\"><em>Suivi et coordination du chantier<\/em><\/span><\/p>\n<p><i><u><br><\/u><\/i>Pr\u00e9paration du chantier&nbsp;<\/p>\n<p>Direction de l\u2019ex\u00e9cution des travaux<\/p>\n<p><span style=\"letter-spacing: 0.01em;\">&nbsp; Assistance aux op\u00e9rations de r\u00e9ception<\/span><\/p>\n<p><span style=\"letter-spacing: 0.01em;\">&nbsp;<\/span><\/p>\n<p><\/p>\n<p>Tarif &#8211; Sur devis<\/p>\n<p><em><span style=\"font-size: 10px;\">&nbsp;<\/span><\/em><\/p>\n<p><em><span style=\"font-size: 10px;\">Les honoraires sont calcul\u00e9s sur la base d\u2019un pourcentage sur le montant des travaux pour une mission compl\u00e8te et d\u2019un forfait pour une mission partielle.<\/span><\/em><br><em><span style=\"font-size: 10px;\">La facturation est r\u00e9partie sur diff\u00e9rentes phases cit\u00e9es ci-dessus correspondants \u00e0 l\u2019avancement du projet.<\/span><\/em><\/p>\t\t\t\t\t\t<\/div>\n\t\t\t\t<\/div>\n\t\t\t\t\t<\/div>\n\t\t<\/div>\n\t\t\t\t<div class=\"elementor-column elementor-col-33 elementor-top-column elementor-element elementor-element-5ba7d07\" data-id=\"5ba7d07\" data-element_type=\"column\">\n\t\t\t<div class=\"elementor-widget-wrap elementor-element-populated\">\n\t\t\t\t\t\t\t\t<div class=\"elementor-element elementor-element-2d024f5 elementor-widget elementor-widget-text-editor\" data-id=\"2d024f5\" data-element_type=\"widget\" data-widget_type=\"text-editor.default\">\n\t\t\t\t<div class=\"elementor-widget-container\">\n\t\t\t\t\t\t\t<p>PRESTATION POUR LES PROFESSIONNELS DE L&rsquo;IMMOBILIER<\/p><p><span style=\"text-decoration: underline;\">\u00a0<\/span><\/p><p><span style=\"text-decoration: underline;\">\u00a0<\/span><\/p><p><span style=\"text-decoration: underline;\">Visite d\u2019aide \u00e0 la vente :<\/span><\/p><p>Visite du bien immobilier ou du terrain, conseils et diagnostics sur site.<br \/>Remise d\u2019un compte rendu apr\u00e8s la visite.<\/p><p>Dur\u00e9e de la visite : 1 heure.<\/p><p>Tarif &#8211; 110\u20ac HT<\/p><p>\u00a0<\/p><p>\u00a0<\/p><p><span style=\"text-decoration: underline;\">Visite d\u2019aide \u00e0 la vente et conception :<\/span><\/p><p>Visite du bien immobilier, conseils et diagnostics sur site.<br \/>Remise de documents :<\/p><p>&#8211; Compte rendu apr\u00e8s visite\u00a0<\/p><p>&#8211; Etude de faisabilit\u00e9<\/p><p>&#8211; Une esquisse sommaire (plan existant fournit par l\u2019agence).\u00a0<\/p><p>&#8211; Remise d&rsquo;une perspective 3D en option suppl\u00e9mentaire.<\/p><p>.<br \/>Dur\u00e9e de la visite : 1 h30.<\/p><p>Tarif &#8211; 650 \u20ac HT<\/p><p>\u00a0<\/p><p><span style=\"text-decoration: underline;\">\u00a0<\/span><\/p><p><span style=\"text-decoration: underline;\">Visite d\u2019aide \u00e0 la vente, conception et relev\u00e9 de c\u00f4tes sommaire<\/span><\/p><p>Visite du bien immobilier, conseils et diagnostics sur site.<br \/>Remise de documents :<\/p><p>&#8211; Compte rendu apr\u00e8s visite\u00a0<\/p><p>&#8211; Etude de faisabilit\u00e9<\/p><p>&#8211; Relev\u00e9 d&rsquo;\u00e9tat des lieux sommaire<\/p><p>&#8211; Une esquisse sommaire (plan existant non fournit par l\u2019agence).\u00a0<\/p><p>&#8211; Remise d&rsquo;une perspective 3D en option suppl\u00e9mentaire.<\/p><p><br \/>Dur\u00e9e de la visite : 1 h30.<\/p><p>Tarif &#8211; 1250 \u20ac HT<\/p>\t\t\t\t\t\t<\/div>\n\t\t\t\t<\/div>\n\t\t\t\t\t<\/div>\n\t\t<\/div>\n\t\t\t\t\t\t\t<\/div>\n\t\t<\/section>\n\t\t\t\t\t\t\t<\/div>\n\t\t","protected":false},"excerpt":{"rendered":"<p>PRESTATION DE CONSEIL ET D&rsquo;ANALYSE Visite Conseil : Visite sur site du b\u00e2ti ou du terrain afin de confirmer une future acquisition, une faisabilit\u00e9 de travaux de construction, de r\u00e9novation ou une extension.Remise d\u2019un compte rendu apr\u00e8s le rendez-vous. Dur\u00e9e de la visite : 1 heure. Tarif &#8211; 150 \u20ac HT Etude de Faisabilit\u00e9 : [&hellip;]<\/p>\n","protected":false},"author":1,"featured_media":0,"parent":0,"menu_order":0,"comment_status":"closed","ping_status":"closed","template":"","meta":{"footnotes":""},"class_list":["post-8692","page","type-page","status-publish","hentry"],"yoast_head":"<!-- This site is optimized with the Yoast SEO plugin v20.7 - https:\/\/yoast.com\/wordpress\/plugins\/seo\/ -->\n<title>Prestations - Termer Architectes<\/title>\n<meta name=\"robots\" content=\"index, follow, max-snippet:-1, max-image-preview:large, max-video-preview:-1\" \/>\n<link rel=\"canonical\" href=\"https:\/\/termerarchitectes.fr\/index.php\/prestations\/\" \/>\n<meta property=\"og:locale\" content=\"fr_FR\" \/>\n<meta property=\"og:type\" content=\"article\" \/>\n<meta property=\"og:title\" content=\"Prestations - Termer Architectes\" \/>\n<meta property=\"og:description\" content=\"PRESTATION DE CONSEIL ET D&rsquo;ANALYSE Visite Conseil : Visite sur site du b\u00e2ti ou du terrain afin de confirmer une future acquisition, une faisabilit\u00e9 de travaux de construction, de r\u00e9novation ou une extension.Remise d\u2019un compte rendu apr\u00e8s le rendez-vous. Dur\u00e9e de la visite : 1 heure. Tarif &#8211; 150 \u20ac HT Etude de Faisabilit\u00e9 : [&hellip;]\" \/>\n<meta property=\"og:url\" content=\"https:\/\/termerarchitectes.fr\/index.php\/prestations\/\" \/>\n<meta property=\"og:site_name\" content=\"Termer Architectes\" \/>\n<meta property=\"article:modified_time\" content=\"2023-11-28T11:55:33+00:00\" \/>\n<meta name=\"twitter:card\" content=\"summary_large_image\" \/>\n<meta name=\"twitter:label1\" content=\"Dur\u00e9e de lecture estim\u00e9e\" \/>\n\t<meta name=\"twitter:data1\" content=\"3 minutes\" \/>\n<script type=\"application\/ld+json\" class=\"yoast-schema-graph\">{\"@context\":\"https:\/\/schema.org\",\"@graph\":[{\"@type\":\"WebPage\",\"@id\":\"https:\/\/termerarchitectes.fr\/index.php\/prestations\/\",\"url\":\"https:\/\/termerarchitectes.fr\/index.php\/prestations\/\",\"name\":\"Prestations - Termer Architectes\",\"isPartOf\":{\"@id\":\"https:\/\/termerarchitectes.fr\/#website\"},\"datePublished\":\"2023-08-03T12:55:53+00:00\",\"dateModified\":\"2023-11-28T11:55:33+00:00\",\"breadcrumb\":{\"@id\":\"https:\/\/termerarchitectes.fr\/index.php\/prestations\/#breadcrumb\"},\"inLanguage\":\"fr-FR\",\"potentialAction\":[{\"@type\":\"ReadAction\",\"target\":[\"https:\/\/termerarchitectes.fr\/index.php\/prestations\/\"]}]},{\"@type\":\"BreadcrumbList\",\"@id\":\"https:\/\/termerarchitectes.fr\/index.php\/prestations\/#breadcrumb\",\"itemListElement\":[{\"@type\":\"ListItem\",\"position\":1,\"name\":\"Accueil\",\"item\":\"https:\/\/termerarchitectes.fr\/\"},{\"@type\":\"ListItem\",\"position\":2,\"name\":\"Prestations\"}]},{\"@type\":\"WebSite\",\"@id\":\"https:\/\/termerarchitectes.fr\/#website\",\"url\":\"https:\/\/termerarchitectes.fr\/\",\"name\":\"Termer Architectes\",\"description\":\"Architectes Biarritz Anglet Bayonne\",\"publisher\":{\"@id\":\"https:\/\/termerarchitectes.fr\/#organization\"},\"potentialAction\":[{\"@type\":\"SearchAction\",\"target\":{\"@type\":\"EntryPoint\",\"urlTemplate\":\"https:\/\/termerarchitectes.fr\/?s={search_term_string}\"},\"query-input\":\"required name=search_term_string\"}],\"inLanguage\":\"fr-FR\"},{\"@type\":\"Organization\",\"@id\":\"https:\/\/termerarchitectes.fr\/#organization\",\"name\":\"Termer Architectes\",\"url\":\"https:\/\/termerarchitectes.fr\/\",\"logo\":{\"@type\":\"ImageObject\",\"inLanguage\":\"fr-FR\",\"@id\":\"https:\/\/termerarchitectes.fr\/#\/schema\/logo\/image\/\",\"url\":\"http:\/\/termerarchitectes.fr\/wp-content\/uploads\/2023\/05\/Logo-1-scaled.jpg\",\"contentUrl\":\"http:\/\/termerarchitectes.fr\/wp-content\/uploads\/2023\/05\/Logo-1-scaled.jpg\",\"width\":2560,\"height\":2560,\"caption\":\"Termer Architectes\"},\"image\":{\"@id\":\"https:\/\/termerarchitectes.fr\/#\/schema\/logo\/image\/\"},\"sameAs\":[\"https:\/\/www.instagram.com\/termer_architectes\/\"]}]}<\/script>\n<!-- \/ Yoast SEO plugin. -->","yoast_head_json":{"title":"Prestations - Termer Architectes","robots":{"index":"index","follow":"follow","max-snippet":"max-snippet:-1","max-image-preview":"max-image-preview:large","max-video-preview":"max-video-preview:-1"},"canonical":"https:\/\/termerarchitectes.fr\/index.php\/prestations\/","og_locale":"fr_FR","og_type":"article","og_title":"Prestations - Termer Architectes","og_description":"PRESTATION DE CONSEIL ET D&rsquo;ANALYSE Visite Conseil : Visite sur site du b\u00e2ti ou du terrain afin de confirmer une future acquisition, une faisabilit\u00e9 de travaux de construction, de r\u00e9novation ou une extension.Remise d\u2019un compte rendu apr\u00e8s le rendez-vous. Dur\u00e9e de la visite : 1 heure. Tarif &#8211; 150 \u20ac HT Etude de Faisabilit\u00e9 : [&hellip;]","og_url":"https:\/\/termerarchitectes.fr\/index.php\/prestations\/","og_site_name":"Termer Architectes","article_modified_time":"2023-11-28T11:55:33+00:00","twitter_card":"summary_large_image","twitter_misc":{"Dur\u00e9e de lecture estim\u00e9e":"3 minutes"},"schema":{"@context":"https:\/\/schema.org","@graph":[{"@type":"WebPage","@id":"https:\/\/termerarchitectes.fr\/index.php\/prestations\/","url":"https:\/\/termerarchitectes.fr\/index.php\/prestations\/","name":"Prestations - Termer Architectes","isPartOf":{"@id":"https:\/\/termerarchitectes.fr\/#website"},"datePublished":"2023-08-03T12:55:53+00:00","dateModified":"2023-11-28T11:55:33+00:00","breadcrumb":{"@id":"https:\/\/termerarchitectes.fr\/index.php\/prestations\/#breadcrumb"},"inLanguage":"fr-FR","potentialAction":[{"@type":"ReadAction","target":["https:\/\/termerarchitectes.fr\/index.php\/prestations\/"]}]},{"@type":"BreadcrumbList","@id":"https:\/\/termerarchitectes.fr\/index.php\/prestations\/#breadcrumb","itemListElement":[{"@type":"ListItem","position":1,"name":"Accueil","item":"https:\/\/termerarchitectes.fr\/"},{"@type":"ListItem","position":2,"name":"Prestations"}]},{"@type":"WebSite","@id":"https:\/\/termerarchitectes.fr\/#website","url":"https:\/\/termerarchitectes.fr\/","name":"Termer Architectes","description":"Architectes Biarritz Anglet Bayonne","publisher":{"@id":"https:\/\/termerarchitectes.fr\/#organization"},"potentialAction":[{"@type":"SearchAction","target":{"@type":"EntryPoint","urlTemplate":"https:\/\/termerarchitectes.fr\/?s={search_term_string}"},"query-input":"required name=search_term_string"}],"inLanguage":"fr-FR"},{"@type":"Organization","@id":"https:\/\/termerarchitectes.fr\/#organization","name":"Termer Architectes","url":"https:\/\/termerarchitectes.fr\/","logo":{"@type":"ImageObject","inLanguage":"fr-FR","@id":"https:\/\/termerarchitectes.fr\/#\/schema\/logo\/image\/","url":"http:\/\/termerarchitectes.fr\/wp-content\/uploads\/2023\/05\/Logo-1-scaled.jpg","contentUrl":"http:\/\/termerarchitectes.fr\/wp-content\/uploads\/2023\/05\/Logo-1-scaled.jpg","width":2560,"height":2560,"caption":"Termer Architectes"},"image":{"@id":"https:\/\/termerarchitectes.fr\/#\/schema\/logo\/image\/"},"sameAs":["https:\/\/www.instagram.com\/termer_architectes\/"]}]}},"_links":{"self":[{"href":"https:\/\/termerarchitectes.fr\/index.php\/wp-json\/wp\/v2\/pages\/8692","targetHints":{"allow":["GET"]}}],"collection":[{"href":"https:\/\/termerarchitectes.fr\/index.php\/wp-json\/wp\/v2\/pages"}],"about":[{"href":"https:\/\/termerarchitectes.fr\/index.php\/wp-json\/wp\/v2\/types\/page"}],"author":[{"embeddable":true,"href":"https:\/\/termerarchitectes.fr\/index.php\/wp-json\/wp\/v2\/users\/1"}],"replies":[{"embeddable":true,"href":"https:\/\/termerarchitectes.fr\/index.php\/wp-json\/wp\/v2\/comments?post=8692"}],"version-history":[{"count":113,"href":"https:\/\/termerarchitectes.fr\/index.php\/wp-json\/wp\/v2\/pages\/8692\/revisions"}],"predecessor-version":[{"id":9014,"href":"https:\/\/termerarchitectes.fr\/index.php\/wp-json\/wp\/v2\/pages\/8692\/revisions\/9014"}],"wp:attachment":[{"href":"https:\/\/termerarchitectes.fr\/index.php\/wp-json\/wp\/v2\/media?parent=8692"}],"curies":[{"name":"wp","href":"https:\/\/api.w.org\/{rel}","templated":true}]}}